is the thousands digit of 182481?
2
What is the ten thousands digit of 1445726?
4
What is the hundreds digit of 1200567?
5
What is the hundred thousands digit of 142595?
1
What is the ten thousands digit of 6532561?
3
What is the ten thousands digit of 559219?
5
What is the hundred thousands digit of 2436853?
4
What is the ten thousands digit of 467394?
6
What is the tens digit of 147897?
9
What is the hundreds digit of 361980?
9
What is the thousands digit of 10166290?
6
What is the units digit of 503909?
9
What is the hundreds digit of 972318?
3
What is the units digit of 5564605?
5
What is the thousands digit of 2672511?
2
What is the ten thousands digit of 67879?
6
What is the millions digit of 2932873?
2
What is the thousands digit of 1061838?
1
What is the hundred thousands digit of 11626611?
6
What is the ten millions digit of 28382898?
2
What is the tens digit of 208650?
5
What is the thousands digit of 221745?
1
What is the hundreds digit of 36828?
8
What is the ten thousands digit of 673006?
7
What is the hundred thousands digit of 4093929?
0
What is the units digit of 3460784?
4
What is the hundred thousands digit of 108736?
1
What is the hundreds digit of 2379014?
0
What is the hundred thousands digit of 762597?
7
What is the hundred thousands digit of 1593919?
5
What is the ten thousands digit of 7233300?
3
What is the tens digit of 979380?
8
What is the hundreds digit of 762496?
4
What is the thousands digit of 10381118?
1
What is the ten thousands digit of 672895?
7
What is the ten thousands digit of 741829?
4
What is the units digit of 18307124?
4
What is the thousands digit of 332515?
2
What is the hundred thousands digit of 113216?
1
What is the hundreds digit of 711795?
7
What is the thousands digit of 180442?
0
What is the millions digit of 14634943?
4
What is the hundreds digit of 1340029?
0
What is the thousands digit of 215192?
5
What is the hundreds digit of 11198137?
1
What is the ten thousands digit of 8617348?
1
What is the tens digit of 443415?
1
What is the tens digit of 238553?
5
What is the tens digit of 86377?
7
What is the hundred thousands digit of 464464?
4
What is the ten thousands digit of 674148?
7
What is the hundred thousands digit of 819102?
8
What is the thousands digit of 926234?
6
What is the hundreds digit of 8942?
9
What is the tens digit of 145806?
0
What is the ten thousands digit of 144435?
4
What is the hundreds digit of 8859445?
4
What is the ten thousands digit of 528399?
2
What is the thousands digit of 1938124?
8
What is the ten thousands digit of 5413937?
1
What is the units digit of 7481306?
6
What is the thousands digit of 226521?
6
What is the tens digit of 1061132?
3
What is the ten thousands digit of 1703223?
0
What is the tens digit of 502453?
5
What is the hundreds digit of 2210850?
8
What is the hundreds digit of 2127109?
1
What is the thousands digit of 545968?
5
What is the hundred thousands digit of 965789?
9
What is the tens digit of 350778?
7
What is the millions digit of 8672212?
8
What is the units digit of 1120769?
9
What is the tens digit of 59024?
2
What is the thousands digit of 3502174?
2
What is the tens digit of 5072355?
5
What is the ten thousands digit of 1401846?
0
What is the ten thousands digit of 6177523?
7
What is the hundred thousands digit of 1842373?
8
What is the millions digit of 7181949?
7
What is the hundreds digit of 724079?
0
What is the ten thousands digit of 6751372?
5
What is the thousands digit of 210179?
0
What is the hundreds digit of 187996?
9
What is the ten thousands digit of 4303602?
0
What is the hundred thousands digit of 3161317?
1
What is the ten thousands digit of 748917?
4
What is the tens digit of 775478?
7
What is the thousands digit of 7701938?
1
What is the hundreds digit of 5501985?
9
What is the tens digit of 663154?
5
What is the units digit of 245050?
0
What is the hundreds digit of 1635682?
6
What is the ten millions digit of 11755618?
1
What is the hundreds digit of 981911?
9
What is the thousands digit of 1314520?
4
What is the hundreds digit of 68756?
7
What is the hundred thousands digit of 4200127?
2
What is the hundreds digit of 40841?
8
What is the tens digit of 594278?
7
What is the hundreds digit of 264739?
7
What is the ten thousands digit of 4684322?
8
What is the hundreds digit of 12154?
1
What is the ten thousands digit of 13058339?
5
What is the hundreds digit of 36261407?
4
What is the ten thousands digit of 50966?
5
What is the units digit of 17328702?
2
What is the millions digit of 1243123?
1
What is the ten thousands digit of 360308?
6
What is the units digit of 2236529?
9
What is the hundreds digit of 18234991?
9
What is the millions digit of 1123082?
1
What is the ten thousands digit of 10078960?
7
What is the hundred thousands digit of 625087?
6
What is the hundred thousands digit of 14035734?
0
What is the hundreds digit of 39670882?
8
What is the ten thousands digit of 606886?
0
What is the units digit of 440692?
2
What is the hundreds digit of 2900038?
0
What is the hundreds digit of 368209?
2
What is the thousands digit of 6341145?
1
What is the hundreds digit of 17533762?
7
What is the hundreds digit of 172364?
3
What is the millions digit of 1949272?
1
What is the ten thousands digit of 4245550?
4
What is the units digit of 1813134?
4
What is the hundred thousands digit of 561799?
5
What is the units digit of 67050?
0
What is the units digit of 184395?
5
What is the hundred thousands digit of 5573095?
5
What is the hundreds digit of 797199?
1
What is the thousands digit of 811084?
1
What is the hundred thousands digit of 306929?
3
What is the units digit of 905672?
2
What is the hundred thousands digit of 183459?
1
What is the hundreds digit of 274554?
5
What is the units digit of 1215155?
5
What is the tens digit of 187284?
8
What is the ten thousands digit of 151927?
5
What is the hundred thousands digit of 289762?
2
What is the thousands digit of 29826672?
6
What is the units digit of 229570?
0
What is the tens digit of 267402?
0
What is the thousands digit of 1450035?
0
What is the tens digit of 442136?
3
What is the hundred thousands digit of 873672?
8
What is the thousands digit of 211899?
1
What is the ten thousands digit of 105506?
0
What is the thousands digit of 4292706?
2
What is the hundreds digit of 503544?
5
What is the hundreds digit of 49543?
5
What is the tens digit of 14353374?
7
What is the tens digit of 732883?
8
What is the ten thousands digit of 650649?
5
What is the ten millions digit of 13429002?
1
What is the thousands digit of 197617?
7
What is the ten thousands digit of 9520277?
2
What is the hundreds digit of 2684629?
6
What is the hundreds digit of 4350374?
3
What is the tens digit of 195974?
7
What is the tens digit of 12914895?
9
What is the hundreds digit of 330932?
9
What is the thousands digit of 18339?
8
What is the thousands digit of 225511?
5
What is the thousands digit of 2927436?
7
What is the hundred thousands digit of 4372030?
3
What is the tens digit of 197277?
7
What is the millions digit of 2647076?
2
What is the tens digit of 24601763?
6
What is the hundred thousands digit of 1335874?
3
What is the tens digit of 78858?
5
What is the thousands digit of 375180?
5
What is the hundreds digit of 10077537?
5
What is the hundred thousands digit of 34602241?
6
What is the tens digit of 903177?
7
What is the ten thousands digit of 1467270?
6
What is the ten thousands digit of 9337067?
3
What is the tens digit of 843569?
6
What is the hundreds digit of 15112?
1
What is the millions digit of 2243375?
2
What is the units digit of 488364?
4
What is the thousands digit of 11516505?
6
What is the units digit of 1038075?
5
What is the ten thousands digit of 3946970?
4
What is the units digit of 21519?
9
What is the ten thousands digit of 5022363?
2
What is the tens digit of 1017500?
0
What is the units digit of 3614014?
4
What is the ten thousands digit of 17228990?
2
What is the hundred thousands digit of 3659897?
6
What is the ten thousands digit of 18920377?
2
What is the tens digit of 4469036?
3
What is the hundred thousands digit of 2111437?
1
What is the hundreds digit of 6896467?
4
What is the units digit of 7994546?
6
What is the tens digit of 6609485?
8
What